te the highest common factor of 184 and 8.
8
Calculate the greatest common divisor of 30 and 390.
30
What is the greatest common divisor of 46 and 34822?
46
What is the highest common divisor of 680 and 40?
40
What is the greatest common factor of 72 and 228?
12
What is the highest common factor of 52 and 4?
4
Calculate the greatest common factor of 441 and 243.
9
Calculate the greatest common factor of 252 and 8.
4
Calculate the greatest common factor of 434 and 462.
14
What is the greatest common divisor of 15 and 1090?
5
What is the highest common divisor of 52 and 4667?
13
Calculate the greatest common factor of 58 and 6.
2
Calculate the highest common factor of 627 and 297.
33
Calculate the greatest common factor of 944 and 56.
8
Calculate the greatest common factor of 306 and 119.
17
Calculate the highest common divisor of 153 and 1275.
51
What is the greatest common factor of 7 and 21959?
7
What is the greatest common factor of 38 and 17746?
38
Calculate the highest common divisor of 2060 and 40.
20
Calculate the greatest common factor of 85 and 289.
17
What is the greatest common divisor of 6 and 384?
6
What is the greatest common divisor of 592 and 16?
16
What is the greatest common divisor of 14 and 1246?
14
What is the greatest common factor of 72 and 184?
8
What is the greatest common factor of 36 and 32?
4
Calculate the highest common divisor of 25 and 1225.
25
Calculate the highest common divisor of 3 and 111.
3
What is the highest common divisor of 43 and 15?
1
What is the highest common divisor of 15163 and 295?
59
Calculate the highest common factor of 473 and 4429.
43
Calculate the highest common factor of 65 and 1105.
65
Calculate the greatest common divisor of 648 and 18.
18
Calculate the highest common factor of 7613 and 69.
23
What is the greatest common divisor of 518 and 189?
7
Calculate the highest common factor of 275 and 330.
55
Calculate the greatest common divisor of 589 and 155.
31
Calculate the greatest common divisor of 28 and 378.
14
What is the highest common divisor of 1784 and 8?
8
Calculate the highest common divisor of 36 and 348.
12
What is the greatest common divisor of 21 and 3?
3
Calculate the highest common divisor of 25 and 10.
5
Calculate the highest common factor of 10 and 160.
10
Calculate the highest common divisor of 135 and 10.
5
Calculate the highest common divisor of 15 and 35.
5
Calculate the greatest common divisor of 24 and 234.
6
Calculate the greatest common divisor of 590 and 30.
10
What is the highest common factor of 1446 and 138?
6
Calculate the highest common factor of 704 and 264.
88
What is the greatest common divisor of 30 and 170?
10
What is the highest common factor of 2193 and 51?
51
Calculate the highest common factor of 90 and 140.
10
Calculate the greatest common factor of 760 and 40.
40
Calculate the highest common divisor of 2 and 64.
2
What is the greatest common divisor of 58 and 667?
29
Calculate the greatest common factor of 2424 and 5151.
303
What is the greatest common factor of 120 and 23955?
15
Calculate the greatest common factor of 2329 and 17.
17
Calculate the highest common divisor of 1620 and 20.
20
Calculate the greatest common divisor of 630 and 1155.
105
What is the greatest common factor of 63 and 12?
3
What is the greatest common divisor of 432 and 32?
16
Calculate the greatest common factor of 1190 and 70.
70
Calculate the highest common divisor of 5024 and 32.
32
Calculate the highest common factor of 40 and 30980.
20
What is the highest common factor of 107 and 13696?
107
What is the greatest common factor of 69 and 6?
3
Calculate the greatest common divisor of 66 and 627.
33
Calculate the greatest common factor of 107 and 321.
107
Calculate the greatest common divisor of 58 and 4234.
58
Calculate the greatest common divisor of 325 and 910.
65
Calculate the highest common factor of 540 and 240.
60
What is the greatest common factor of 106 and 13?
1
What is the greatest common factor of 6 and 14?
2
What is the greatest common divisor of 96 and 1056?
96
What is the greatest common factor of 11446 and 582?
194
What is the highest common factor of 28 and 308?
28
What is the highest common factor of 4232 and 8?
8
What is the highest common divisor of 29 and 17?
1
What is the highest common divisor of 3211 and 19?
19
Calculate the greatest common divisor of 9 and 12114.
9
Calculate the highest common factor of 42 and 60.
6
What is the greatest common factor of 60 and 147?
3
Calculate the greatest common factor of 14 and 2863.
7
Calculate the greatest common divisor of 21 and 567.
21
Calculate the greatest common factor of 306 and 738.
18
Calculate the highest common divisor of 55 and 88.
11
Calculate the greatest common factor of 7 and 1337.
7
What is the greatest common factor of 20449 and 121?
121
What is the highest common factor of 85 and 153?
17
What is the highest common divisor of 1 and 169?
1
What is the highest common factor of 16 and 556?
4
Calculate the highest common factor of 3 and 23.
1
Calculate the greatest common factor of 72 and 14400.
72
Calculate the highest common factor of 81 and 3645.
81
Calculate the highest common factor of 3568 and 32.
16
Calculate the greatest common divisor of 126 and 1708.
14
What is the greatest common divisor of 2863 and 14?
7
What is the greatest common factor of 128 and 8?
8
Calculate the highest common divisor of 2240 and 35.
35
What is the greatest common divisor of 1099 and 471?
157
Calculate the greatest common factor of 10576 and 16.
16
Calculate the greatest common divisor of 43 and 9073.
43
Calculate the greatest common factor of 612 and 108.
36
What is the highest common divisor of 31421 and 13?
13
Calculate the greatest common divisor of 587 and 5.
1
Calculate the highest common factor of 123 and 41.
41
Calculate the greatest common factor of 403 and 26.
13
What is the greatest common factor of 689 and 13?
13
What is the greatest common factor of 8 and 908?
4
Calculate the greatest common factor of 250 and 62750.
250
Calculate the greatest common divisor of 146 and 657.
73
Calculate the greatest common divisor of 258 and 24.
6
Calculate the highest common divisor of 54 and 450.
18
Calculate the highest common divisor of 329 and 47.
47
Calculate the greatest common factor of 1155 and 264.
33
What is the greatest common divisor of 95 and 1577?
19
What is the highest common factor of 10 and 9970?
10
Calculate the highest common factor of 28 and 532.
28
What is the highest common factor of 12 and 3684?
12
Calculate the highest common factor of 17 and 1.
1
What is the highest common factor of 180 and 20?
20
Calculate the greatest common factor of 297 and 216.
27
What is the highest common divisor of 33 and 11?
11
Calculate the highest common divisor of 2574 and 4158.
198
What is the greatest common factor of 684 and 76?
76
What is the greatest common divisor of 4294 and 38?
38
What is the greatest common divisor of 15 and 66?
3
What is the greatest common divisor of 329 and 5734?
47
Calculate the highest common divisor of 1116 and 36.
36
What is the highest common factor of 54 and 8424?
54
Calculate the greatest common factor of 9 and 14733.
9
What is the greatest common factor of 26 and 35594?
26
Calculate the greatest common factor of 15 and 355.
5
Calculate the greatest common factor of 36 and 64.
4
Calculate the highest common divisor of 13209 and 153.
51
Calculate the greatest common divisor of 45254 and 34.
34
Calculate the highest common factor of 16426 and 2674.
382
Calculate the greatest common factor of 28 and 8288.
28
Calculate the highest common factor of 2941 and 51.
17
Calculate the greatest common divisor of 52 and 6.
2
What is the highest common divisor of 555 and 15?
15
What is the highest common factor of 169 and 91?
13
Calculate the greatest common factor of 306 and 6.
6
What is the highest common divisor of 216 and 336?
24
Calculate the highest common divisor of 1100 and 44.
44
Calculate the highest common factor of 10071 and 54.
27
Calculate the highest common factor of 5067 and 9.
9
Calculate the greatest common divisor of 7 and 189.
7
Calculate the greatest common factor of 33 and 684.
3
What is the highest common divisor of 40 and 4330?
10
What is the greatest common divisor 